{"id":706,"date":"2022-06-01T11:13:04","date_gmt":"2022-06-01T11:13:04","guid":{"rendered":"https:\/\/fantazie.net\/?page_id=706"},"modified":"2026-04-04T23:52:47","modified_gmt":"2026-04-04T23:52:47","slug":"dokumenty-ke-stazeni","status":"publish","type":"page","link":"https:\/\/fantazie.net\/index.php\/dokumenty-ke-stazeni\/","title":{"rendered":"Dokumenty ke sta\u017een\u00ed"},"content":{"rendered":"\t\t<div data-elementor-type=\"wp-page\" data-elementor-id=\"706\" class=\"elementor elementor-706\">\n\t\t\t\t\t\t<section class=\"elementor-section elementor-top-section elementor-element elementor-element-3be8e15 elementor-section-boxed elementor-section-height-default elementor-section-height-default\" data-id=\"3be8e15\" data-element_type=\"section\" data-e-type=\"section\">\n\t\t\t\t\t\t<div class=\"elementor-container elementor-column-gap-default\">\n\t\t\t\t\t<div class=\"elementor-column elementor-col-100 elementor-top-column elementor-element elementor-element-4714c66\" data-id=\"4714c66\" data-element_type=\"column\" data-e-type=\"column\">\n\t\t\t<div class=\"elementor-widget-wrap elementor-element-populated\">\n\t\t\t\t\t\t<div class=\"elementor-element elementor-element-9c27b6a elementor-widget elementor-widget-text-editor\" data-id=\"9c27b6a\" data-element_type=\"widget\" data-e-type=\"widget\" data-widget_type=\"text-editor.default\">\n\t\t\t\t<div class=\"elementor-widget-container\">\n\t\t\t\t\t\t\t\t\t<p>Ve\u0161ker\u00e9 pot\u0159ebn\u00e9 dokumenty budou k dispozici p\u0159ed za\u010d\u00e1tkem turnus\u016f.<\/p>\t\t\t\t\t\t\t\t<\/div>\n\t\t\t\t<\/div>\n\t\t\t\t\t<\/div>\n\t\t<\/div>\n\t\t\t\t\t<\/div>\n\t\t<\/section>\n\t\t\t\t<section class=\"elementor-section elementor-top-section elementor-element elementor-element-099078a elementor-section-boxed elementor-section-height-default elementor-section-height-default\" data-id=\"099078a\" data-element_type=\"section\" data-e-type=\"section\">\n\t\t\t\t\t\t<div class=\"elementor-container elementor-column-gap-default\">\n\t\t\t\t\t<div class=\"elementor-column elementor-col-100 elementor-top-column elementor-element elementor-element-74390da\" data-id=\"74390da\" data-element_type=\"column\" data-e-type=\"column\">\n\t\t\t<div class=\"elementor-widget-wrap elementor-element-populated\">\n\t\t\t\t\t\t<div class=\"elementor-element elementor-element-ee7c232 elementor-hidden-desktop elementor-hidden-tablet elementor-hidden-mobile elementor-tabs-view-horizontal elementor-widget elementor-widget-tabs\" data-id=\"ee7c232\" data-element_type=\"widget\" data-e-type=\"widget\" data-widget_type=\"tabs.default\">\n\t\t\t\t<div class=\"elementor-widget-container\">\n\t\t\t\t\t\t\t<div class=\"elementor-tabs\">\n\t\t\t<div class=\"elementor-tabs-wrapper\" role=\"tablist\" >\n\t\t\t\t\t\t\t\t\t<div id=\"elementor-tab-title-2501\" class=\"elementor-tab-title elementor-tab-desktop-title\" aria-selected=\"true\" data-tab=\"1\" role=\"tab\" tabindex=\"0\" aria-controls=\"elementor-tab-content-2501\" aria-expanded=\"false\">Vesm\u00edrn\u00e9 dobrodru\u017estv\u00ed I - 27.6.-10.7.<\/div>\n\t\t\t\t\t\t\t\t\t<div id=\"elementor-tab-title-2502\" class=\"elementor-tab-title elementor-tab-desktop-title\" aria-selected=\"false\" data-tab=\"2\" role=\"tab\" tabindex=\"-1\" aria-controls=\"elementor-tab-content-2502\" aria-expanded=\"false\">Vesm\u00edrn\u00e9 dobrodru\u017estv\u00ed II - 13.7.-25.7.<\/div>\n\t\t\t\t\t\t\t\t\t<div id=\"elementor-tab-title-2503\" class=\"elementor-tab-title elementor-tab-desktop-title\" aria-selected=\"false\" data-tab=\"3\" role=\"tab\" tabindex=\"-1\" aria-controls=\"elementor-tab-content-2503\" aria-expanded=\"false\">Vesm\u00edrn\u00e9 dobrodru\u017estv\u00ed III - 27.7.-2.8.<\/div>\n\t\t\t\t\t\t\t\t\t<div id=\"elementor-tab-title-2504\" class=\"elementor-tab-title elementor-tab-desktop-title\" aria-selected=\"false\" data-tab=\"4\" role=\"tab\" tabindex=\"-1\" aria-controls=\"elementor-tab-content-2504\" aria-expanded=\"false\">Vesm\u00edrn\u00e9 dobrodru\u017estv\u00ed IV - 16.8.-23.8.<\/div>\n\t\t\t\t\t\t\t<\/div>\n\t\t\t<div class=\"elementor-tabs-content-wrapper\" role=\"tablist\" aria-orientation=\"vertical\">\n\t\t\t\t\t\t\t\t\t<div class=\"elementor-tab-title elementor-tab-mobile-title\" aria-selected=\"true\" data-tab=\"1\" role=\"tab\" tabindex=\"0\" aria-controls=\"elementor-tab-content-2501\" aria-expanded=\"false\">Vesm\u00edrn\u00e9 dobrodru\u017estv\u00ed I - 27.6.-10.7.<\/div>\n\t\t\t\t\t<div id=\"elementor-tab-content-2501\" class=\"elementor-tab-content elementor-clearfix\" data-tab=\"1\" role=\"tabpanel\" aria-labelledby=\"elementor-tab-title-2501\" tabindex=\"0\" hidden=\"false\"><h1><strong>Ve\u0161ker\u00e9 pot\u0159ebn\u00e9 dokument pro t\u00e1bor Vesm\u00edrn\u00e9 dobrodru\u017estv\u00ed I &#8211; 27.6-10.7.<\/strong><\/h1><ul><li><a href=\"https:\/\/fantazie.net\/wp-content\/uploads\/2023\/05\/Informace-od-zdravotnika.pdf\"><span style=\"text-decoration: underline;\">Informace od zdravotn\u00edka<\/span><\/a><\/li><li><span style=\"text-decoration: underline;\"><a href=\"https:\/\/fantazie.net\/wp-content\/uploads\/2023\/06\/posudek_lekare.pdf\">Posudek o zdravotn\u00ed zp\u016fsobilosti d\u00edt\u011bte<\/a><\/span><\/li><li><a href=\"https:\/\/fantazie.net\/wp-content\/uploads\/2025\/01\/List-ucastnika-27.6.-10.7.pdf\"><u>List \u00fa\u010dastn\u00edka<\/u><\/a><\/li><li><span style=\"text-decoration: underline;\"><a href=\"https:\/\/fantazie.net\/wp-content\/uploads\/2025\/02\/souhlas_rodicu_27.6.-10.7.pdf\">Souhlas rodi\u010d\u016f<\/a><\/span><\/li><li><span style=\"text-decoration: underline;\"><a href=\"https:\/\/fantazie.net\/wp-content\/uploads\/2025\/02\/Letni-tabor-Eliska.pdf\">Podrobn\u00e9 informace<\/a><\/span><\/li><\/ul><\/div>\n\t\t\t\t\t\t\t\t\t<div class=\"elementor-tab-title elementor-tab-mobile-title\" aria-selected=\"false\" data-tab=\"2\" role=\"tab\" tabindex=\"-1\" aria-controls=\"elementor-tab-content-2502\" aria-expanded=\"false\">Vesm\u00edrn\u00e9 dobrodru\u017estv\u00ed II - 13.7.-25.7.<\/div>\n\t\t\t\t\t<div id=\"elementor-tab-content-2502\" class=\"elementor-tab-content elementor-clearfix\" data-tab=\"2\" role=\"tabpanel\" aria-labelledby=\"elementor-tab-title-2502\" tabindex=\"0\" hidden=\"hidden\"><h1><strong>Ve\u0161ker\u00e9 pot\u0159ebn\u00e9 dokument pro t\u00e1bor Vesm\u00edrn\u00e9 dobrodru\u017estv\u00ed II &#8211; 13.7.-25.7.<\/strong><\/h1><ul><li><a href=\"https:\/\/fantazie.net\/wp-content\/uploads\/2023\/05\/Informace-od-zdravotnika.pdf\"><span style=\"text-decoration: underline;\">Informace od zdravotn\u00edka<\/span><\/a><\/li><li><a href=\"https:\/\/fantazie.net\/wp-content\/uploads\/2023\/06\/posudek_lekare.pdf\"><span style=\"text-decoration: underline;\">Posudek o zdravotn\u00ed zp\u016fsobilosti d\u00edt\u011bte<\/span><\/a><\/li><li><span style=\"text-decoration: underline;\"><a href=\"https:\/\/fantazie.net\/wp-content\/uploads\/2025\/01\/List-ucastnika-13.7.-25.7.pdf\">List \u00fa\u010dastn\u00edka<\/a><\/span><\/li><li><span style=\"text-decoration: underline;\"><a href=\"https:\/\/fantazie.net\/wp-content\/uploads\/2025\/02\/souhlas_rodicu_13.7.-25.7.pdf\">Souhlas rodi\u010d\u016f<\/a><\/span><\/li><li><a href=\"https:\/\/fantazie.net\/wp-content\/uploads\/2025\/02\/Letni-tabor-Eliska.pdf\"><span style=\"text-decoration: underline;\">Podrobn\u00e9 informace<\/span><\/a><\/li><\/ul><\/div>\n\t\t\t\t\t\t\t\t\t<div class=\"elementor-tab-title elementor-tab-mobile-title\" aria-selected=\"false\" data-tab=\"3\" role=\"tab\" tabindex=\"-1\" aria-controls=\"elementor-tab-content-2503\" aria-expanded=\"false\">Vesm\u00edrn\u00e9 dobrodru\u017estv\u00ed III - 27.7.-2.8.<\/div>\n\t\t\t\t\t<div id=\"elementor-tab-content-2503\" class=\"elementor-tab-content elementor-clearfix\" data-tab=\"3\" role=\"tabpanel\" aria-labelledby=\"elementor-tab-title-2503\" tabindex=\"0\" hidden=\"hidden\"><h1><strong>Ve\u0161ker\u00e9 pot\u0159ebn\u00e9 dokument pro t\u00e1bor Vesm\u00edrn\u00e9 dobrodru\u017estv\u00ed III &#8211; 27.7.-2.8.<\/strong><\/h1><ul><li><span style=\"text-decoration: underline;\"><a href=\"https:\/\/fantazie.net\/wp-content\/uploads\/2023\/05\/Informace-od-zdravotnika.pdf\">Informace od zdravotn\u00edka<\/a><\/span><\/li><li><span style=\"text-decoration: underline;\"><a href=\"https:\/\/fantazie.net\/wp-content\/uploads\/2023\/06\/posudek_lekare.pdf\">Posudek o zdravotn\u00ed zp\u016fsobilosti d\u00edt\u011bte<\/a><\/span><\/li><li><span style=\"text-decoration: underline;\"><a href=\"https:\/\/fantazie.net\/wp-content\/uploads\/2025\/01\/List-ucastnika-27.7.-2.8.pdf\">List \u00fa\u010dastn\u00edka<\/a><\/span><\/li><li><span style=\"text-decoration: underline;\"><a href=\"https:\/\/fantazie.net\/wp-content\/uploads\/2025\/02\/souhlas_rodicu_27.7.-2.8.pdf\">Souhlas rodi\u010d\u016f<\/a><\/span><\/li><li><a href=\"https:\/\/fantazie.net\/wp-content\/uploads\/2025\/02\/Letni-tabor-Eliska.pdf\"><span style=\"text-decoration: underline;\">Podrobn\u00e9 informace<\/span><\/a><\/li><\/ul><\/div>\n\t\t\t\t\t\t\t\t\t<div class=\"elementor-tab-title elementor-tab-mobile-title\" aria-selected=\"false\" data-tab=\"4\" role=\"tab\" tabindex=\"-1\" aria-controls=\"elementor-tab-content-2504\" aria-expanded=\"false\">Vesm\u00edrn\u00e9 dobrodru\u017estv\u00ed IV - 16.8.-23.8.<\/div>\n\t\t\t\t\t<div id=\"elementor-tab-content-2504\" class=\"elementor-tab-content elementor-clearfix\" data-tab=\"4\" role=\"tabpanel\" aria-labelledby=\"elementor-tab-title-2504\" tabindex=\"0\" hidden=\"hidden\"><h1><strong>Ve\u0161ker\u00e9 pot\u0159ebn\u00e9 dokument pro t\u00e1bor Vesm\u00edrn\u00e9 dobrodru\u017estv\u00ed IV &#8211; 16.8.-23.8.<\/strong><\/h1><ul><li><span style=\"text-decoration: underline;\"><a href=\"https:\/\/fantazie.net\/wp-content\/uploads\/2023\/05\/Informace-od-zdravotnika.pdf\">Informace od zdravotn\u00edka<\/a><\/span><\/li><li><span style=\"text-decoration: underline;\"><a href=\"https:\/\/fantazie.net\/wp-content\/uploads\/2023\/06\/posudek_lekare.pdf\">Posudek o zdravotn\u00ed zp\u016fsobilosti d\u00edt\u011bte<\/a><\/span><\/li><li><span style=\"text-decoration: underline;\"><a href=\"https:\/\/fantazie.net\/wp-content\/uploads\/2025\/01\/List-ucastnika-16.8.-23.8.pdf\">List \u00fa\u010dastn\u00edka<\/a><\/span><\/li><li><span style=\"text-decoration: underline;\"><a href=\"https:\/\/fantazie.net\/wp-content\/uploads\/2025\/01\/souhlas_informaci_16.8.-23.8.pdf\">Souhlas rodi\u010d\u016f<\/a><\/span><\/li><li><a href=\"https:\/\/fantazie.net\/wp-content\/uploads\/2025\/08\/Letni-tabor-Nemojov.pdf\"><span style=\"text-decoration: underline;\">Podrobn\u00e9 informace<\/span><\/a><\/li><\/ul><\/div>\n\t\t\t\t\t\t\t<\/div>\n\t\t<\/div>\n\t\t\t\t\t\t<\/div>\n\t\t\t\t<\/div>\n\t\t\t\t\t<\/div>\n\t\t<\/div>\n\t\t\t\t\t<\/div>\n\t\t<\/section>\n\t\t\t\t<\/div>\n\t\t","protected":false},"excerpt":{"rendered":"<p>Ve\u0161ker\u00e9 pot\u0159ebn\u00e9 dokumenty budou k dispozici p\u0159ed za\u010d\u00e1tkem turnus\u016f. Vesm\u00edrn\u00e9 dobrodru\u017estv\u00ed I &#8211; 27.6.-10.7. Vesm\u00edrn\u00e9 dobrodru\u017estv\u00ed II &#8211; 13.7.-25.7. Vesm\u00edrn\u00e9 dobrodru\u017estv\u00ed III &#8211; 27.7.-2.8. Vesm\u00edrn\u00e9 dobrodru\u017estv\u00ed IV &#8211; 16.8.-23.8. Vesm\u00edrn\u00e9 dobrodru\u017estv\u00ed I &#8211; 27.6.-10.7. Ve\u0161ker\u00e9 pot\u0159ebn\u00e9 dokument pro t\u00e1bor Vesm\u00edrn\u00e9 dobrodru\u017estv\u00ed I &#8211; 27.6-10.7. Informace od zdravotn\u00edka Posudek o zdravotn\u00ed zp\u016fsobilosti d\u00edt\u011bte List \u00fa\u010dastn\u00edka Souhlas [&hellip;]<\/p>\n","protected":false},"author":3,"featured_media":0,"parent":0,"menu_order":0,"comment_status":"closed","ping_status":"closed","template":"","meta":{"ocean_post_layout":"full-screen","ocean_both_sidebars_style":"","ocean_both_sidebars_content_width":0,"ocean_both_sidebars_sidebars_width":0,"ocean_sidebar":"0","ocean_second_sidebar":"0","ocean_disable_margins":"enable","ocean_add_body_class":"","ocean_shortcode_before_top_bar":"","ocean_shortcode_after_top_bar":"","ocean_shortcode_before_header":"","ocean_shortcode_after_header":"","ocean_has_shortcode":"","ocean_shortcode_after_title":"","ocean_shortcode_before_footer_widgets":"","ocean_shortcode_after_footer_widgets":"","ocean_shortcode_before_footer_bottom":"","ocean_shortcode_after_footer_bottom":"","ocean_display_top_bar":"off","ocean_display_header":"on","ocean_header_style":"","ocean_center_header_left_menu":"0","ocean_custom_header_template":"0","ocean_custom_logo":0,"ocean_custom_retina_logo":0,"ocean_custom_logo_max_width":0,"ocean_custom_logo_tablet_max_width":0,"ocean_custom_logo_mobile_max_width":0,"ocean_custom_logo_max_height":0,"ocean_custom_logo_tablet_max_height":0,"ocean_custom_logo_mobile_max_height":0,"ocean_header_custom_menu":"0","ocean_menu_typo_font_family":"0","ocean_menu_typo_font_subset":"","ocean_menu_typo_font_size":0,"ocean_menu_typo_font_size_tablet":0,"ocean_menu_typo_font_size_mobile":0,"ocean_menu_typo_font_size_unit":"px","ocean_menu_typo_font_weight":"","ocean_menu_typo_font_weight_tablet":"","ocean_menu_typo_font_weight_mobile":"","ocean_menu_typo_transform":"","ocean_menu_typo_transform_tablet":"","ocean_menu_typo_transform_mobile":"","ocean_menu_typo_line_height":0,"ocean_menu_typo_line_height_tablet":0,"ocean_menu_typo_line_height_mobile":0,"ocean_menu_typo_line_height_unit":"","ocean_menu_typo_spacing":0,"ocean_menu_typo_spacing_tablet":0,"ocean_menu_typo_spacing_mobile":0,"ocean_menu_typo_spacing_unit":"","ocean_menu_link_color":"","ocean_menu_link_color_hover":"","ocean_menu_link_color_active":"","ocean_menu_link_background":"","ocean_menu_link_hover_background":"","ocean_menu_link_active_background":"","ocean_menu_social_links_bg":"","ocean_menu_social_hover_links_bg":"","ocean_menu_social_links_color":"","ocean_menu_social_hover_links_color":"","ocean_disable_title":"default","ocean_disable_heading":"default","ocean_post_title":"","ocean_post_subheading":"","ocean_post_title_style":"","ocean_post_title_background_color":"","ocean_post_title_background":0,"ocean_post_title_bg_image_position":"","ocean_post_title_bg_image_attachment":"","ocean_post_title_bg_image_repeat":"","ocean_post_title_bg_image_size":"","ocean_post_title_height":0,"ocean_post_title_bg_overlay":0.5,"ocean_post_title_bg_overlay_color":"","ocean_disable_breadcrumbs":"default","ocean_breadcrumbs_color":"","ocean_breadcrumbs_separator_color":"","ocean_breadcrumbs_links_color":"","ocean_breadcrumbs_links_hover_color":"","ocean_display_footer_widgets":"off","ocean_display_footer_bottom":"off","ocean_custom_footer_template":"0","footnotes":""},"class_list":["post-706","page","type-page","status-publish","hentry","entry"],"_links":{"self":[{"href":"https:\/\/fantazie.net\/index.php\/wp-json\/wp\/v2\/pages\/706","targetHints":{"allow":["GET"]}}],"collection":[{"href":"https:\/\/fantazie.net\/index.php\/wp-json\/wp\/v2\/pages"}],"about":[{"href":"https:\/\/fantazie.net\/index.php\/wp-json\/wp\/v2\/types\/page"}],"author":[{"embeddable":true,"href":"https:\/\/fantazie.net\/index.php\/wp-json\/wp\/v2\/users\/3"}],"replies":[{"embeddable":true,"href":"https:\/\/fantazie.net\/index.php\/wp-json\/wp\/v2\/comments?post=706"}],"version-history":[{"count":121,"href":"https:\/\/fantazie.net\/index.php\/wp-json\/wp\/v2\/pages\/706\/revisions"}],"predecessor-version":[{"id":2401,"href":"https:\/\/fantazie.net\/index.php\/wp-json\/wp\/v2\/pages\/706\/revisions\/2401"}],"wp:attachment":[{"href":"https:\/\/fantazie.net\/index.php\/wp-json\/wp\/v2\/media?parent=706"}],"curies":[{"name":"wp","href":"https:\/\/api.w.org\/{rel}","templated":true}]}}